 the millions digit of 221221036?
1
What is the thousands digit of 5442837783?
7
What is the hundred thousands digit of 238337046?
3
What is the ten millions digit of 2866469492?
6
What is the hundred thousands digit of 118679877?
6
What is the units digit of 752741114?
4
What is the hundred thousands digit of 251271044?
2
What is the units digit of 799826422?
2
What is the ten thousands digit of 715030633?
3
What is the hundreds digit of 2753474760?
7
What is the ten millions digit of 144779145?
4
What is the units digit of 1376775322?
2
What is the ten thousands digit of 19581654?
8
What is the millions digit of 136169942?
6
What is the hundred thousands digit of 60438298?
4
What is the ten thousands digit of 2212568558?
6
What is the hundred thousands digit of 57321495?
3
What is the ten thousands digit of 646391387?
9
What is the ten millions digit of 378279681?
7
What is the thousands digit of 44085894?
5
What is the tens digit of 4352006805?
0
What is the millions digit of 208991854?
8
What is the thousands digit of 599859581?
9
What is the ten thousands digit of 74907674?
0
What is the ten millions digit of 23767140?
2
What is the hundred millions digit of 1178550505?
1
What is the units digit of 23666726?
6
What is the hundreds digit of 1597424256?
2
What is the hundred thousands digit of 216382930?
3
What is the units digit of 432318972?
2
What is the ten millions digit of 1682785420?
8
What is the hundred thousands digit of 6293768915?
7
What is the units digit of 320124793?
3
What is the units digit of 178832341?
1
What is the thousands digit of 915037822?
7
What is the billions digit of 9670757231?
9
What is the hundred millions digit of 127293572?
1
What is the tens digit of 115717345?
4
What is the units digit of 412852468?
8
What is the units digit of 2276615833?
3
What is the hundred thousands digit of 42030823?
0
What is the units digit of 49271957?
7
What is the hundred thousands digit of 69184453?
1
What is the millions digit of 67289518?
7
What is the ten thousands digit of 207282704?
8
What is the ten millions digit of 66120087?
6
What is the millions digit of 240002884?
0
What is the hundreds digit of 26085221?
2
What is the thousands digit of 165739049?
9
What is the units digit of 204532107?
7
What is the ten thousands digit of 682263509?
6
What is the thousands digit of 661598754?
8
What is the hundred thousands digit of 938146996?
1
What is the units digit of 346298104?
4
What is the hundreds digit of 47481990?
9
What is the hundreds digit of 51886382?
3
What is the ten thousands digit of 168486466?
8
What is the ten thousands digit of 137920715?
2
What is the hundred thousands digit of 153464860?
4
What is the millions digit of 102654142?
2
What is the units digit of 6318613658?
8
What is the hundreds digit of 510047075?
0
What is the millions digit of 1961176700?
1
What is the millions digit of 745336740?
5
What is the millions digit of 182393393?
2
What is the hundred millions digit of 1163624891?
1
What is the tens digit of 1173034037?
3
What is the thousands digit of 3290626333?
6
What is the ten millions digit of 603844180?
0
What is the ten millions digit of 55805866?
5
What is the ten millions digit of 4880994385?
8
What is the units digit of 3539920844?
4
What is the hundred thousands digit of 31791370?
7
What is the hundreds digit of 4582247150?
1
What is the ten millions digit of 58070303?
5
What is the units digit of 205055498?
8
What is the tens digit of 46413402?
0
What is the thousands digit of 10118725?
8
What is the millions digit of 41272903?
1
What is the thousands digit of 54553086?
3
What is the units digit of 144111848?
8
What is the hundred thousands digit of 1255608784?
6
What is the hundred thousands digit of 56423868?
4
What is the units digit of 191231640?
0
What is the hundred thousands digit of 448010536?
0
What is the thousands digit of 2658272533?
2
What is the millions digit of 1314181411?
4
What is the hundreds digit of 1129756866?
8
What is the hundred millions digit of 1015483402?
0
What is the hundreds digit of 33024436?
4
What is the ten millions digit of 311932142?
1
What is the hundreds digit of 800897612?
6
What is the hundred millions digit of 668992129?
6
What is the units digit of 67476733?
3
What is the ten millions digit of 2121976536?
2
What is the thousands digit of 197269770?
9
What is the hundreds digit of 21301750?
7
What is the hundreds digit of 637231266?
2
What is the ten thousands digit of 1090874610?
7
What is the ten millions digit of 521802880?
2
What is the hundred millions digit of 2030716045?
0
What is the thousands digit of 62887549?
7
What is the thousands digit of 53841186?
1
What is the hundred thousands digit of 4150244?
1
What is the hundreds digit of 407037318?
3
What is the ten millions digit of 310712015?
1
What is the millions digit of 260621094?
0
What is the ten thousands digit of 1273524223?
2
What is the ten thousands digit of 1259895396?
9
What is the hundreds digit of 1865204012?
0
What is the hundreds digit of 214715441?
4
What is the ten millions digit of 168790694?
6
What is the units digit of 455945434?
4
What is the hundreds digit of 35724736?
7
What is the millions digit of 60519196?
0
What is the hundred thousands digit of 925009149?
0
What is the thousands digit of 40234778?
4
What is the units digit of 235002099?
9
What is the tens digit of 827111639?
3
What is the ten thousands digit of 936379205?
7
What is the tens digit of 1363875585?
8
What is the units digit of 1439893223?
3
What is the hundreds digit of 3688744?
7
What is the ten millions digit of 63224687?
6
What is the units digit of 2802945140?
0
What is the millions digit of 119657515?
9
What is the millions digit of 2416545?
2
What is the tens digit of 45182124?
2
What is the millions digit of 26879935?
6
What is the hundred thousands digit of 258151607?
1
What is the hundreds digit of 14465249?
2
What is the millions digit of 167802119?
7
What is the hundreds digit of 685787680?
6
What is the thousands digit of 16098755?
8
What is the thousands digit of 29626495?
6
What is the hundred thousands digit of 367639992?
6
What is the hundreds digit of 29149038?
0
What is the hundred thousands digit of 81431184?
4
What is the hundreds digit of 56556941?
9
What is the hundreds digit of 224892770?
7
What is the hundred millions digit of 2735941982?
7
What is the ten thousands digit of 146166695?
6
What is the millions digit of 22548089?
2
What is the units digit of 49001574?
4
What is the thousands digit of 18122663?
2
What is the ten thousands digit of 1332438470?
3
What is the hundred millions digit of 5100101568?
1
What is the millions digit of 2395625906?
5
What is the hundreds digit of 456433739?
7
What is the ten millions digit of 157475143?
5
What is the tens digit of 1613788706?
0
What is the ten thousands digit of 374075214?
7
What is the ten millions digit of 4838231900?
3
What is the hundred thousands digit of 92586339?
5
What is the hundreds digit of 191983103?
1
What is the tens digit of 2024166343?
4
What is the ten millions digit of 2859857618?
5
What is the units digit of 167600679?
9
What is the ten thousands digit of 346306606?
0
What is the units digit of 243926357?
7
What is the tens digit of 121700409?
0
What is the thousands digit of 828002037?
2
What is the millions digit of 365269905?
5
What is the hundred millions digit of 1228594574?
2
What is the billions digit of 1071675793?
1
What is the millions digit of 200168182?
0
What is the thousands digit of 298683411?
3
What is the hundreds digit of 1463885687?
6
What is the millions digit of 1012540787?
2
What is the hundreds digit of 300361846?
8
What is the ten millions digit of 1860969719?
6
What is the ten thousands digit of 2305311364?
1
What is the ten millions digit of 2964716735?
6
What is the hundreds digit of 156692381?
3
What is the tens digit of 78282804?
0
What is the hundreds digit of 195373847?
8
What is the thousands digit of 15843260?
3
What is the units digit of 9646098?
8
What is the ten millions digit of 79159691?
7
What is the tens digit of 22316254?
5
What is the tens digit of 101644043?
4
What is the ten millions digit of 158117742?
5
What is the tens digit of 324276345?
4
What is th